{"id":919,"date":"2024-01-07T11:16:05","date_gmt":"2024-01-07T10:16:05","guid":{"rendered":"https:\/\/www.forte-cultura.network\/?page_id=919"},"modified":"2024-01-07T11:52:20","modified_gmt":"2024-01-07T10:52:20","slug":"odcisk","status":"publish","type":"page","link":"https:\/\/www.forte-cultura.network\/pl\/impressum\/","title":{"rendered":"Impressum"},"content":{"rendered":"<div class=\"wp-block-columns alignwide eplus-wrapper is-layout-flex wp-container-core-columns-is-layout-28f84493 wp-block-columns-is-layout-flex eplus-styles-uid-6c247d\">\n<div class=\"wp-block-column eplus-wrapper is-layout-flow wp-block-column-is-layout-flow\">\n<h4 class=\"wp-block-heading eplus-wrapper\">Angaben gem\u00e4\u00df \u00a7 5 TMG:<\/h4>\n\n\n\n<p class=\"eplus-wrapper\">ECCOFORT e.V.<br>Albertinenstr. 1<br>13086 Berlin<\/p>\n\n\n\n<h4 class=\"wp-block-heading eplus-wrapper\">Vertreten durch:<\/h4>\n\n\n\n<p class=\"eplus-wrapper\">Hartmut R\u00f6der<\/p>\n\n\n\n<h4 class=\"wp-block-heading eplus-wrapper\">Kontakt:<\/h4>\n\n\n\n<p class=\"eplus-wrapper\">Telefon: +49 30 923 72 123<br>E-mail: <a href=\"mailto:admin@eccofort.eu\">admin@eccofort.eu<\/a><\/p>\n\n\n\n<h4 class=\"wp-block-heading eplus-wrapper\">Vereinsregistereintrag:<\/h4>\n\n\n\n<p class=\"eplus-wrapper\">Registergericht: Amtsgericht Berlin - Charlottenburg<br>Registernummer: VR 30805 B<\/p>\n\n\n\n<h4 class=\"wp-block-heading eplus-wrapper\">EU-Transparenzregister:<\/h4>\n\n\n\n<p class=\"eplus-wrapper\">Kennnummer: 582482451902-21<\/p>\n\n\n\n<h4 class=\"wp-block-heading eplus-wrapper\">Umsatzsteuer:<\/h4>\n\n\n\n<p class=\"eplus-wrapper\">Umsatzsteuuer- Identifikationsnummer gem\u00e4\u00df \u00a727 a Umsatzsteuergesetz:<br>DE289104266<\/p>\n\n\n\n<h4 class=\"wp-block-heading eplus-wrapper\">Verantwortlich f\u00fcr den Inhalt nach \u00a7 55 Abs. 2 RStV:<\/h4>\n\n\n\n<p class=\"eplus-wrapper\">ECCOFORT e.V.<br>vertreten durch Hartmut R\u00f6der<br>Albertinenstr. 1<br>13086 Berlin<\/p>\n\n\n\n<h4 class=\"wp-block-heading eplus-wrapper\">Streitschlichtung<\/h4>\n\n\n\n<p class=\"eplus-wrapper\">Wir sind nicht bereit oder verpflichtet, an Streitbeilegungsverfahren vor einer Verbraucherschlichtungsstelle teilzunehmen.<\/p>\n\n\n\n<h4 class=\"wp-block-heading eplus-wrapper\">Udzia\u0142 w zyskach<\/h4>\n\n\n\n<p class=\"eplus-wrapper\">Jako Diensteanbieter jeste\u015bmy zgodnie z \u00a7 7 Abs.1 TMG dla w\u0142asnych informacji na tych stronach zgodnie ze wszystkimi og\u00f3lnymi postanowieniami. Zgodnie z \u00a7\u00a7 8 i 10 TMG, jako Diensteanbieter nie jeste\u015bmy jednak zobowi\u0105zani do ujawniania przekazanych lub rozpowszechnionych informacji, ani do ujawniania Um\u00f3w, kt\u00f3re naruszaj\u0105 prawo w\u0142asno\u015bci.<\/p>\n\n\n\n<p class=\"eplus-wrapper\">Weryfikacje dotycz\u0105ce wprowadzania lub korygowania wykorzystania informacji zgodnie z og\u00f3lnymi przepisami nie s\u0105 uwzgl\u0119dniane. Eine diesbez\u00fcgliche Haftung ist jedoch erst ab dem Zeitpunkt der Kenntnis einer konkreten Rechtsverletzung m\u00f6glich. W przypadku zaistnienia jakichkolwiek roszcze\u0144 z tytu\u0142u r\u0119kojmi, niniejsze informacje nie b\u0119d\u0105 brane pod uwag\u0119.<\/p>\n\n\n\n<h4 class=\"wp-block-heading eplus-wrapper\">Haftung f\u00fcr Links<\/h4>\n\n\n\n<p class=\"eplus-wrapper\">Nasza oferta zawiera linki do zewn\u0119trznych stron internetowych, na kt\u00f3rych tre\u015bci nie mamy \u017cadnego wp\u0142ywu. W zwi\u0105zku z tym nie mo\u017cemy pobiera\u0107 \u017cadnych op\u0142at za te bezp\u0142atne tre\u015bci. W odniesieniu do tre\u015bci zawartych na podlinkowanych stronach w\u0142a\u015bciwy jest wy\u0142\u0105cznie ich administrator lub zleceniodawca. Podlinkowane strony zosta\u0142y z chwil\u0105 ich podlinkowania do odpowiednich przepis\u00f3w prawa. Rechtswidrige Inhalte waren zum Zeitpunkt der Verlinkung nicht erkennbar.<\/p>\n\n\n\n<p class=\"eplus-wrapper\">Sta\u0142a, bezpo\u015brednia kontrola stron, na kt\u00f3rych znajduj\u0105 si\u0119 linki, nie jest jednak mo\u017cliwa bez konkretnych punkt\u00f3w spornych zwi\u0105zanych z naruszeniem praw. W przypadku wyst\u0105pienia narusze\u0144 praw, b\u0119dziemy przekazywa\u0107 odpowiednie linki.<\/p>\n\n\n\n<h4 class=\"wp-block-heading eplus-wrapper\">Urheberrecht<\/h4>\n\n\n\n<p class=\"eplus-wrapper\">Die durch die Seitenbetreiber erstellten Inhalte und Werke auf diesen Seiten unterliegen dem deutschen Urheberrecht. Wszelkie przetwarzanie, opracowywanie, przekszta\u0142canie i jakakolwiek forma weryfikacji zgodnie z zasadami prawa autorskiego wymagaj\u0105 pisemnej zgody autora lub sprzedawcy. Pliki do pobrania i kopie na tej stronie s\u0105 przeznaczone wy\u0142\u0105cznie do prywatnego, niekomercyjnego u\u017cytku.<\/p>\n\n\n\n<p class=\"eplus-wrapper\">W przypadku, gdy zdarzenia na tej stronie nie zosta\u0142y utworzone przez zak\u0142ad, nale\u017cy zwr\u00f3ci\u0107 uwag\u0119 na znaki Urheberrechte Dritter. Inbesondere werden Inhalte Dritter als solche gekennzeichnet. Je\u015bli w zwi\u0105zku z tym nie b\u0119dziesz mie\u0107 pewno\u015bci co do naruszenia praw autorskich, otrzymasz od nas stosown\u0105 wskaz\u00f3wk\u0119. W przypadku wyst\u0105pienia narusze\u0144 praw b\u0119dziemy przekazywa\u0107 odpowiednie informacje.<\/p>\n\n\n\n<p class=\"eplus-wrapper\">Quelle: <a href=\"https:\/\/www.e-recht24.de\">https:\/\/www.e-recht24.de<\/a><\/p>\n<\/div>\n<\/div>\n\n\n<div class=\"wp-block-kadence-spacer aligncenter kt-block-spacer-919_fbf08b-45\"><div class=\"kt-block-spacer kt-block-spacer-halign-center\"><hr class=\"kt-divider\"\/><\/div><\/div>","protected":false},"excerpt":{"rendered":"<p>Angaben gem\u00e4\u00df \u00a7 5 TMG: ECCOFORT e.V.Albertinenstr. 113086 Berlin Vertreten durch: Hartmut R\u00f6der Kontakt: Telefon: +49 30 923 72 123E-Mail: admin@eccofort.eu Vereinsregistereintrag: Registergericht: Amtsgericht Berlin &#8211; CharlottenburgRegisternummer: VR 30805 B [&hellip;]<\/p>\n","protected":false},"author":1,"featured_media":0,"parent":0,"menu_order":0,"comment_status":"closed","ping_status":"closed","template":"","meta":{"editor_plus_copied_stylings":"{}","pgc_sgb_lightbox_settings":"","_price":"","_stock":"","_tribe_ticket_header":"","_tribe_default_ticket_provider":"","_tribe_ticket_capacity":"0","_ticket_start_date":"","_ticket_end_date":"","_tribe_ticket_show_description":"","_tribe_ticket_show_not_going":false,"_tribe_ticket_use_global_stock":"","_tribe_ticket_global_stock_level":"","_global_stock_mode":"","_global_stock_cap":"","_tribe_rsvp_for_event":"","_tribe_ticket_going_count":"","_tribe_ticket_not_going_count":"","_tribe_tickets_list":"[]","_tribe_ticket_has_attendee_info_fields":false,"_EventAllDay":false,"_EventTimezone":"","_EventStartDate":"","_EventEndDate":"","_EventStartDateUTC":"","_EventEndDateUTC":"","_EventShowMap":false,"_EventShowMapLink":false,"_EventURL":"","_EventCost":"","_EventCostDescription":"","_EventCurrencySymbol":"","_EventCurrencyCode":"","_EventCurrencyPosition":"","_EventDateTimeSeparator":"","_EventTimeRangeSeparator":"","_EventOrganizerID":[],"_EventVenueID":[],"_OrganizerEmail":"","_OrganizerPhone":"","_OrganizerWebsite":"","_VenueAddress":"","_VenueCity":"","_VenueCountry":"","_VenueProvince":"","_VenueState":"","_VenueZip":"","_VenuePhone":"","_VenueURL":"","_VenueStateProvince":"","_VenueLat":"","_VenueLng":"","_VenueShowMap":false,"_VenueShowMapLink":false,"footnotes":""},"class_list":["post-919","page","type-page","status-publish","hentry"],"_links":{"self":[{"href":"https:\/\/www.forte-cultura.network\/pl\/wp-json\/wp\/v2\/pages\/919","targetHints":{"allow":["GET"]}}],"collection":[{"href":"https:\/\/www.forte-cultura.network\/pl\/wp-json\/wp\/v2\/pages"}],"about":[{"href":"https:\/\/www.forte-cultura.network\/pl\/wp-json\/wp\/v2\/types\/page"}],"author":[{"embeddable":true,"href":"https:\/\/www.forte-cultura.network\/pl\/wp-json\/wp\/v2\/users\/1"}],"replies":[{"embeddable":true,"href":"https:\/\/www.forte-cultura.network\/pl\/wp-json\/wp\/v2\/comments?post=919"}],"version-history":[{"count":0,"href":"https:\/\/www.forte-cultura.network\/pl\/wp-json\/wp\/v2\/pages\/919\/revisions"}],"wp:attachment":[{"href":"https:\/\/www.forte-cultura.network\/pl\/wp-json\/wp\/v2\/media?parent=919"}],"curies":[{"name":"wp","href":"https:\/\/api.w.org\/{rel}","templated":true}]}}

<div class="wp-block-columns alignwide eplus-wrapper is-layout-flex wp-container-core-columns-is-layout-28f84493 wp-block-columns-is-layout-flex eplus-styles-uid-6c247d">
<div class="wp-block-column eplus-wrapper is-layout-flow wp-block-column-is-layout-flow">
<h4 class="wp-block-heading eplus-wrapper">Angaben gemäß § 5 TMG:</h4>



<p class="eplus-wrapper">ECCOFORT e.V.<br>Albertinenstr. 1<br>13086 Berlin</p>



<h4 class="wp-block-heading eplus-wrapper">Vertreten durch:</h4>



<p class="eplus-wrapper">Hartmut Röder</p>



<h4 class="wp-block-heading eplus-wrapper">Kontakt:</h4>



<p class="eplus-wrapper">Telefon: +49 30 923 72 123<br>E-mail: <a href="mailto:admin@eccofort.eu">admin@eccofort.eu</a></p>



<h4 class="wp-block-heading eplus-wrapper">Vereinsregistereintrag:</h4>



<p class="eplus-wrapper">Registergericht: Amtsgericht Berlin - Charlottenburg<br>Registernummer: VR 30805 B</p>



<h4 class="wp-block-heading eplus-wrapper">EU-Transparenzregister:</h4>



<p class="eplus-wrapper">Kennnummer: 582482451902-21</p>



<h4 class="wp-block-heading eplus-wrapper">Umsatzsteuer:</h4>



<p class="eplus-wrapper">Umsatzsteuuer- Identifikationsnummer gemäß §27 a Umsatzsteuergesetz:<br>DE289104266</p>



<h4 class="wp-block-heading eplus-wrapper">Verantwortlich für den Inhalt nach § 55 Abs. 2 RStV:</h4>



<p class="eplus-wrapper">ECCOFORT e.V.<br>vertreten durch Hartmut Röder<br>Albertinenstr. 1<br>13086 Berlin</p>



<h4 class="wp-block-heading eplus-wrapper">Streitschlichtung</h4>



<p class="eplus-wrapper">Wir sind nicht bereit oder verpflichtet, an Streitbeilegungsverfahren vor einer Verbraucherschlichtungsstelle teilzunehmen.</p>



<h4 class="wp-block-heading eplus-wrapper">Udział w zyskach</h4>



<p class="eplus-wrapper">Jako Diensteanbieter jesteśmy zgodnie z § 7 Abs.1 TMG dla własnych informacji na tych stronach zgodnie ze wszystkimi ogólnymi postanowieniami. Zgodnie z §§ 8 i 10 TMG, jako Diensteanbieter nie jesteśmy jednak zobowiązani do ujawniania przekazanych lub rozpowszechnionych informacji, ani do ujawniania Umów, które naruszają prawo własności.</p>



<p class="eplus-wrapper">Weryfikacje dotyczące wprowadzania lub korygowania wykorzystania informacji zgodnie z ogólnymi przepisami nie są uwzględniane. Eine diesbezügliche Haftung ist jedoch erst ab dem Zeitpunkt der Kenntnis einer konkreten Rechtsverletzung möglich. W przypadku zaistnienia jakichkolwiek roszczeń z tytułu rękojmi, niniejsze informacje nie będą brane pod uwagę.</p>



<h4 class="wp-block-heading eplus-wrapper">Haftung für Links</h4>



<p class="eplus-wrapper">Nasza oferta zawiera linki do zewnętrznych stron internetowych, na których treści nie mamy żadnego wpływu. W związku z tym nie możemy pobierać żadnych opłat za te bezpłatne treści. W odniesieniu do treści zawartych na podlinkowanych stronach właściwy jest wyłącznie ich administrator lub zleceniodawca. Podlinkowane strony zostały z chwilą ich podlinkowania do odpowiednich przepisów prawa. Rechtswidrige Inhalte waren zum Zeitpunkt der Verlinkung nicht erkennbar.</p>



<p class="eplus-wrapper">Stała, bezpośrednia kontrola stron, na których znajdują się linki, nie jest jednak możliwa bez konkretnych punktów spornych związanych z naruszeniem praw. W przypadku wystąpienia naruszeń praw, będziemy przekazywać odpowiednie linki.</p>



<h4 class="wp-block-heading eplus-wrapper">Urheberrecht</h4>



<p class="eplus-wrapper">Die durch die Seitenbetreiber erstellten Inhalte und Werke auf diesen Seiten unterliegen dem deutschen Urheberrecht. Wszelkie przetwarzanie, opracowywanie, przekształcanie i jakakolwiek forma weryfikacji zgodnie z zasadami prawa autorskiego wymagają pisemnej zgody autora lub sprzedawcy. Pliki do pobrania i kopie na tej stronie są przeznaczone wyłącznie do prywatnego, niekomercyjnego użytku.</p>



<p class="eplus-wrapper">W przypadku, gdy zdarzenia na tej stronie nie zostały utworzone przez zakład, należy zwrócić uwagę na znaki Urheberrechte Dritter. Inbesondere werden Inhalte Dritter als solche gekennzeichnet. Jeśli w związku z tym nie będziesz mieć pewności co do naruszenia praw autorskich, otrzymasz od nas stosowną wskazówkę. W przypadku wystąpienia naruszeń praw będziemy przekazywać odpowiednie informacje.</p>



<p class="eplus-wrapper">Quelle: <a href="https://www.e-recht24.de">https://www.e-recht24.de</a></p>
</div>
</div>


<div class="wp-block-kadence-spacer aligncenter kt-block-spacer-919_fbf08b-45"><div class="kt-block-spacer kt-block-spacer-halign-center"><hr class="kt-divider"/></div></div>

<p>Angaben gemäß § 5 TMG: ECCOFORT e.V.Albertinenstr. 113086 Berlin Vertreten durch: Hartmut Röder Kontakt: Telefon: +49 30 923 72 123E-Mail: admin@eccofort.eu Vereinsregistereintrag: Registergericht: Amtsgericht Berlin &#8211; CharlottenburgRegisternummer: VR 30805 B [&hellip;]</p>
